{"id":8174,"date":"2022-04-19T10:26:33","date_gmt":"2022-04-19T09:26:33","guid":{"rendered":"https:\/\/www.thervacb.eu\/pacients-2\/registre-europeu-de-pacients-amb-vhb\/"},"modified":"2022-04-19T10:49:38","modified_gmt":"2022-04-19T09:49:38","slug":"registre-europeu-de-pacients-amb-vhb","status":"publish","type":"page","link":"https:\/\/www.thervacb.eu\/ca\/pacients\/registre-europeu-de-pacients-amb-vhb\/","title":{"rendered":"Registre europeu de pacients amb VHB"},"content":{"rendered":"<p>[et_pb_section fb_built=&#8221;1&#8243; fullwidth=&#8221;on&#8221; _builder_version=&#8221;4.2.1&#8243; da_disable_devices=&#8221;off|off|off&#8221; global_colors_info=&#8221;{}&#8221; da_is_popup=&#8221;off&#8221; da_exit_intent=&#8221;off&#8221; da_has_close=&#8221;on&#8221; da_alt_close=&#8221;off&#8221; da_dark_close=&#8221;off&#8221; da_not_modal=&#8221;on&#8221; da_is_singular=&#8221;off&#8221; da_with_loader=&#8221;off&#8221; da_has_shadow=&#8221;on&#8221;][et_pb_fullwidth_slider use_text_overlay=&#8221;on&#8221; text_overlay_color=&#8221;rgba(6,66,58,0.25)&#8221; _builder_version=&#8221;4.9.2&#8243; custom_padding=&#8221;83px||65px|||&#8221; auto=&#8221;on&#8221; auto_ignore_hover=&#8221;on&#8221; global_colors_info=&#8221;{}&#8221;][et_pb_slide heading=&#8221;Pacients&#8221; use_bg_overlay=&#8221;off&#8221; use_text_overlay=&#8221;on&#8221; arrows_custom_color=&#8221;#2d788c&#8221; dot_nav_custom_color=&#8221;#2d788c&#8221; text_border_radius=&#8221;10px&#8221; _builder_version=&#8221;4.9.2&#8243; header_font=&#8221;|700|||||||&#8221; header_text_align=&#8221;center&#8221; body_text_align=&#8221;center&#8221; body_font_size=&#8221;30px&#8221; background_enable_color=&#8221;off&#8221; use_background_color_gradient=&#8221;on&#8221; background_color_gradient_start=&#8221;rgba(0,0,0,0)&#8221; background_color_gradient_end=&#8221;rgba(0,0,0,0)&#8221; background_color_gradient_direction=&#8221;90deg&#8221; background_color_gradient_overlays_image=&#8221;on&#8221; background_image=&#8221;https:\/\/www.thervacb.eu\/wp-content\/uploads\/the-european-hbv-patient-registry-h.jpg&#8221; background_enable_image=&#8221;on&#8221; background_size=&#8221;initial&#8221; text_orientation=&#8221;center&#8221; custom_css_slide_container=&#8221;margin-left:55% !important;||width:50%;&#8221; header_text_shadow_style=&#8221;preset1&#8243; header_text_shadow_color=&#8221;#706f6f&#8221; body_text_shadow_style=&#8221;preset1&#8243; body_text_shadow_color=&#8221;#706f6f&#8221; text_shadow_style=&#8221;preset1&#8243; text_shadow_color=&#8221;#706f6f&#8221; global_colors_info=&#8221;{}&#8221; custom_css_slide_container_last_edited=&#8221;on|desktop&#8221; custom_css_slide_container_tablet=&#8221;margin-left:auto ;||width:auto;&#8221; sticky_transition=&#8221;on&#8221;]<\/p>\n<p>Nova esperan\u00e7a per als pacients amb hepatitis B<\/p>\n<p>[\/et_pb_slide][\/et_pb_fullwidth_slider][\/et_pb_section][et_pb_section fb_built=&#8221;1&#8243; _builder_version=&#8221;4.2.1&#8243; da_disable_devices=&#8221;off|off|off&#8221; global_colors_info=&#8221;{}&#8221; da_is_popup=&#8221;off&#8221; da_exit_intent=&#8221;off&#8221; da_has_close=&#8221;on&#8221; da_alt_close=&#8221;off&#8221; da_dark_close=&#8221;off&#8221; da_not_modal=&#8221;on&#8221; da_is_singular=&#8221;off&#8221; da_with_loader=&#8221;off&#8221; da_has_shadow=&#8221;on&#8221;][et_pb_row module_id=&#8221;registry&#8221; _builder_version=&#8221;4.9.0&#8243; global_colors_info=&#8221;{}&#8221;][et_pb_column type=&#8221;4_4&#8243; _builder_version=&#8221;4.3.4&#8243; global_colors_info=&#8221;{}&#8221;][et_pb_text _builder_version=&#8221;4.9.0&#8243; global_colors_info=&#8221;{}&#8221;]<\/p>\n<h1><strong>Quin \u00e9s el registre europeu de pacients amb hepatitis B cr\u00f2nica i per qu\u00e8 \u00e9s una bona idea participar-hi?<\/strong><\/h1>\n<p>A m\u00e9s de l\u2019assaig cl\u00ednic TherVacB, l\u2019equip de TherVacB ha establert un registre europeu per a pacients amb hepatitis cr\u00f2nica B. El registre recull dades del pacient sobre par\u00e0metres virol\u00f2gics i immunol\u00f2gics durant el curs d\u2019una infecci\u00f3 pel virus de l\u2019hepatitis B. Mitjan\u00e7ant una recopilaci\u00f3 cont\u00ednuament creixent de dades de pacients, podrem recopilar informaci\u00f3 valuosa sobre el curs natural de la malaltia i, alhora, identificar pacients per a l\u2019assaig cl\u00ednic TherVacB i altres estudis futurs.<\/p>\n<p>Si participeu al registre europeu del VHB, us convertireu en pacient en algun dels nostres centres d\u2019estudi participants. Realitzaran les vostres visites rutin\u00e0ries i documentaran les vostres dades al registre. Aix\u00f2 ajuda a seleccionar pacients per participar en ter\u00e0pies espec\u00edfiques o assajos cl\u00ednics, incl\u00f2s l&#8217;assaig cl\u00ednic TherVacB.<\/p>\n<p>Per \u00faltim, per\u00f2 no menys important, tots els participants donen suport, amb les dades generades per ell mateix, per entendre millor la malaltia mediada pel VHB i desenvolupar o perfeccionar ter\u00e0pies per ajudar en \u00faltima inst\u00e0ncia a la comunitat de pacients en general.<\/p>\n<p>[\/et_pb_text][\/et_pb_column][\/et_pb_row][et_pb_row module_id=&#8221;participate&#8221; _builder_version=&#8221;4.9.0&#8243; global_colors_info=&#8221;{}&#8221;][et_pb_column type=&#8221;4_4&#8243; _builder_version=&#8221;4.3.4&#8243; global_colors_info=&#8221;{}&#8221;][et_pb_text _builder_version=&#8221;4.11.3&#8243; hover_enabled=&#8221;0&#8243; global_colors_info=&#8221;{}&#8221; sticky_enabled=&#8221;0&#8243;]<\/p>\n<h1><strong>S\u00f3c un pacient d\u2019hepatitis B que visc a Europa. Com puc participar?<\/strong><\/h1>\n<p>Actualment, el registre europeu del VHB est\u00e0 actiu a It\u00e0lia, Espanya, Regne Unit i Alemanya. Per participar al registre, haur\u00edeu de despla\u00e7ar-vos al centre d\u2019estudis m\u00e9s proper a vosaltres per fer totes les visites rutin\u00e0ries.<\/p>\n<p>Unir-se al registre \u00e9s possible en qualsevol moment i fins i tot despr\u00e9s d\u2019haver comen\u00e7at l\u2019estudi de vacunaci\u00f3 amb TherVacB. Les dades dels participants de l\u2019estudi de TherVacB seran una part d\u2019aquest repositori. Els pacients que desitgin unir-se a altres estudis en curs o futurs sobre el tractament i la cura del VHB tamb\u00e9 poden participar-hi.<\/p>\n<p>En contactar amb nosaltres, els pacients amb un inter\u00e8s confirmat a participar en l\u2019assaig de vacunaci\u00f3 TherVacB o en altres estudis en curs o futurs seran derivats a un centre d\u2019estudis m\u00e9s proper al lloc de resid\u00e8ncia \/ casa del pacient. El metge de l\u2019estudi TherVacB decidir\u00e0, juntament amb el pacient, una possible inclusi\u00f3 al registre, entre altres coses, en funci\u00f3 d\u2019un conjunt de criteris cl\u00ednics.<\/p>\n<p>Si esteu interessats a unir-vos al registre, si us plau<a href=\"https:\/\/www.thervacb.eu\/ca\/pacients\/contacta-amb-nosaltres\/\" title=\"posa't en contacte amb nosaltres\"> poseu-vos en contacte amb nosaltres<\/a> : Nom\u00e9s cal que marqueu la casella de selecci\u00f3 i ens posarem en contacte.<\/p>\n<p>Totes les dades dels pacients recollides a trav\u00e9s del nostre formulari de contacte s\u2019emmagatzemaran de forma local i segura i seran manipulades amb cura segons els consentiments rebuts, respectant plenament les normes de protecci\u00f3 de dades (GDPR) vigents. Si es preveu recopilar m\u00e9s dades (per exemple, per al registre de pacients amb VHB), se us informar\u00e0 per separat sobre la protecci\u00f3 d&#8217;aquestes dades i haureu d&#8217;acceptar-ho pr\u00e8viament.<\/p>\n<p>&nbsp;<\/p>\n<p>[\/et_pb_text][\/et_pb_column][\/et_pb_row][\/et_pb_section]<\/p>\n","protected":false},"excerpt":{"rendered":"<p>Nova esperan\u00e7a per als pacients amb hepatitis BQuin \u00e9s el registre europeu de pacients amb hepatitis B cr\u00f2nica i per qu\u00e8 \u00e9s una bona idea participar-hi? A m\u00e9s de l\u2019assaig cl\u00ednic TherVacB, l\u2019equip de TherVacB ha establert un registre europeu per a pacients amb hepatitis cr\u00f2nica B. El registre recull dades del pacient sobre par\u00e0metres [&hellip;]<\/p>\n","protected":false},"author":4,"featured_media":4907,"parent":8168,"menu_order":2,"comment_status":"closed","ping_status":"closed","template":"","meta":{"_et_pb_use_builder":"on","_et_pb_old_content":"","_et_gb_content_width":"","_monsterinsights_skip_tracking":false,"_monsterinsights_sitenote_active":false,"_monsterinsights_sitenote_note":"","_monsterinsights_sitenote_category":0,"footnotes":"","_links_to":"","_links_to_target":""},"class_list":["post-8174","page","type-page","status-publish","has-post-thumbnail","hentry"],"aioseo_notices":[],"_links":{"self":[{"href":"https:\/\/www.thervacb.eu\/ca\/wp-json\/wp\/v2\/pages\/8174","targetHints":{"allow":["GET"]}}],"collection":[{"href":"https:\/\/www.thervacb.eu\/ca\/wp-json\/wp\/v2\/pages"}],"about":[{"href":"https:\/\/www.thervacb.eu\/ca\/wp-json\/wp\/v2\/types\/page"}],"author":[{"embeddable":true,"href":"https:\/\/www.thervacb.eu\/ca\/wp-json\/wp\/v2\/users\/4"}],"replies":[{"embeddable":true,"href":"https:\/\/www.thervacb.eu\/ca\/wp-json\/wp\/v2\/comments?post=8174"}],"version-history":[{"count":0,"href":"https:\/\/www.thervacb.eu\/ca\/wp-json\/wp\/v2\/pages\/8174\/revisions"}],"up":[{"embeddable":true,"href":"https:\/\/www.thervacb.eu\/ca\/wp-json\/wp\/v2\/pages\/8168"}],"wp:featuredmedia":[{"embeddable":true,"href":"https:\/\/www.thervacb.eu\/ca\/wp-json\/wp\/v2\/media\/4907"}],"wp:attachment":[{"href":"https:\/\/www.thervacb.eu\/ca\/wp-json\/wp\/v2\/media?parent=8174"}],"curies":[{"name":"wp","href":"https:\/\/api.w.org\/{rel}","templated":true}]}}

<p>[et_pb_section fb_built=&#8221;1&#8243; fullwidth=&#8221;on&#8221; _builder_version=&#8221;4.2.1&#8243; da_disable_devices=&#8221;off|off|off&#8221; global_colors_info=&#8221;{}&#8221; da_is_popup=&#8221;off&#8221; da_exit_intent=&#8221;off&#8221; da_has_close=&#8221;on&#8221; da_alt_close=&#8221;off&#8221; da_dark_close=&#8221;off&#8221; da_not_modal=&#8221;on&#8221; da_is_singular=&#8221;off&#8221; da_with_loader=&#8221;off&#8221; da_has_shadow=&#8221;on&#8221;][et_pb_fullwidth_slider use_text_overlay=&#8221;on&#8221; text_overlay_color=&#8221;rgba(6,66,58,0.25)&#8221; _builder_version=&#8221;4.9.2&#8243; custom_padding=&#8221;83px||65px|||&#8221; auto=&#8221;on&#8221; auto_ignore_hover=&#8221;on&#8221; global_colors_info=&#8221;{}&#8221;][et_pb_slide heading=&#8221;Pacients&#8221; use_bg_overlay=&#8221;off&#8221; use_text_overlay=&#8221;on&#8221; arrows_custom_color=&#8221;#2d788c&#8221; dot_nav_custom_color=&#8221;#2d788c&#8221; text_border_radius=&#8221;10px&#8221; _builder_version=&#8221;4.9.2&#8243; header_font=&#8221;|700|||||||&#8221; header_text_align=&#8221;center&#8221; body_text_align=&#8221;center&#8221; body_font_size=&#8221;30px&#8221; background_enable_color=&#8221;off&#8221; use_background_color_gradient=&#8221;on&#8221; background_color_gradient_start=&#8221;rgba(0,0,0,0)&#8221; background_color_gradient_end=&#8221;rgba(0,0,0,0)&#8221; background_color_gradient_direction=&#8221;90deg&#8221; background_color_gradient_overlays_image=&#8221;on&#8221; background_image=&#8221;https://www.thervacb.eu/wp-content/uploads/the-european-hbv-patient-registry-h.jpg&#8221; background_enable_image=&#8221;on&#8221; background_size=&#8221;initial&#8221; text_orientation=&#8221;center&#8221; custom_css_slide_container=&#8221;margin-left:55% !important;||width:50%;&#8221; header_text_shadow_style=&#8221;preset1&#8243; header_text_shadow_color=&#8221;#706f6f&#8221; body_text_shadow_style=&#8221;preset1&#8243; body_text_shadow_color=&#8221;#706f6f&#8221; text_shadow_style=&#8221;preset1&#8243; text_shadow_color=&#8221;#706f6f&#8221; global_colors_info=&#8221;{}&#8221; custom_css_slide_container_last_edited=&#8221;on|desktop&#8221; custom_css_slide_container_tablet=&#8221;margin-left:auto ;||width:auto;&#8221; sticky_transition=&#8221;on&#8221;]</p>
<p>Nova esperança per als pacients amb hepatitis B</p>
<p>[/et_pb_slide][/et_pb_fullwidth_slider][/et_pb_section][et_pb_section fb_built=&#8221;1&#8243; _builder_version=&#8221;4.2.1&#8243; da_disable_devices=&#8221;off|off|off&#8221; global_colors_info=&#8221;{}&#8221; da_is_popup=&#8221;off&#8221; da_exit_intent=&#8221;off&#8221; da_has_close=&#8221;on&#8221; da_alt_close=&#8221;off&#8221; da_dark_close=&#8221;off&#8221; da_not_modal=&#8221;on&#8221; da_is_singular=&#8221;off&#8221; da_with_loader=&#8221;off&#8221; da_has_shadow=&#8221;on&#8221;][et_pb_row module_id=&#8221;registry&#8221; _builder_version=&#8221;4.9.0&#8243; global_colors_info=&#8221;{}&#8221;][et_pb_column type=&#8221;4_4&#8243; _builder_version=&#8221;4.3.4&#8243; global_colors_info=&#8221;{}&#8221;][et_pb_text _builder_version=&#8221;4.9.0&#8243; global_colors_info=&#8221;{}&#8221;]</p>
<h1><strong>Quin és el registre europeu de pacients amb hepatitis B crònica i per què és una bona idea participar-hi?</strong></h1>
<p>A més de l’assaig clínic TherVacB, l’equip de TherVacB ha establert un registre europeu per a pacients amb hepatitis crònica B. El registre recull dades del pacient sobre paràmetres virològics i immunològics durant el curs d’una infecció pel virus de l’hepatitis B. Mitjançant una recopilació contínuament creixent de dades de pacients, podrem recopilar informació valuosa sobre el curs natural de la malaltia i, alhora, identificar pacients per a l’assaig clínic TherVacB i altres estudis futurs.</p>
<p>Si participeu al registre europeu del VHB, us convertireu en pacient en algun dels nostres centres d’estudi participants. Realitzaran les vostres visites rutinàries i documentaran les vostres dades al registre. Això ajuda a seleccionar pacients per participar en teràpies específiques o assajos clínics, inclòs l&#8217;assaig clínic TherVacB.</p>
<p>Per últim, però no menys important, tots els participants donen suport, amb les dades generades per ell mateix, per entendre millor la malaltia mediada pel VHB i desenvolupar o perfeccionar teràpies per ajudar en última instància a la comunitat de pacients en general.</p>
<p>[/et_pb_text][/et_pb_column][/et_pb_row][et_pb_row module_id=&#8221;participate&#8221; _builder_version=&#8221;4.9.0&#8243; global_colors_info=&#8221;{}&#8221;][et_pb_column type=&#8221;4_4&#8243; _builder_version=&#8221;4.3.4&#8243; global_colors_info=&#8221;{}&#8221;][et_pb_text _builder_version=&#8221;4.11.3&#8243; hover_enabled=&#8221;0&#8243; global_colors_info=&#8221;{}&#8221; sticky_enabled=&#8221;0&#8243;]</p>
<h1><strong>Sóc un pacient d’hepatitis B que visc a Europa. Com puc participar?</strong></h1>
<p>Actualment, el registre europeu del VHB està actiu a Itàlia, Espanya, Regne Unit i Alemanya. Per participar al registre, hauríeu de desplaçar-vos al centre d’estudis més proper a vosaltres per fer totes les visites rutinàries.</p>
<p>Unir-se al registre és possible en qualsevol moment i fins i tot després d’haver començat l’estudi de vacunació amb TherVacB. Les dades dels participants de l’estudi de TherVacB seran una part d’aquest repositori. Els pacients que desitgin unir-se a altres estudis en curs o futurs sobre el tractament i la cura del VHB també poden participar-hi.</p>
<p>En contactar amb nosaltres, els pacients amb un interès confirmat a participar en l’assaig de vacunació TherVacB o en altres estudis en curs o futurs seran derivats a un centre d’estudis més proper al lloc de residència / casa del pacient. El metge de l’estudi TherVacB decidirà, juntament amb el pacient, una possible inclusió al registre, entre altres coses, en funció d’un conjunt de criteris clínics.</p>
<p>Si esteu interessats a unir-vos al registre, si us plau<a href="https://www.thervacb.eu/ca/pacients/contacta-amb-nosaltres/" title="posa't en contacte amb nosaltres"> poseu-vos en contacte amb nosaltres</a> : Només cal que marqueu la casella de selecció i ens posarem en contacte.</p>
<p>Totes les dades dels pacients recollides a través del nostre formulari de contacte s’emmagatzemaran de forma local i segura i seran manipulades amb cura segons els consentiments rebuts, respectant plenament les normes de protecció de dades (GDPR) vigents. Si es preveu recopilar més dades (per exemple, per al registre de pacients amb VHB), se us informarà per separat sobre la protecció d&#8217;aquestes dades i haureu d&#8217;acceptar-ho prèviament.</p>
<p>&nbsp;</p>
<p>[/et_pb_text][/et_pb_column][/et_pb_row][/et_pb_section]</p>

<p>Nova esperança per als pacients amb hepatitis BQuin és el registre europeu de pacients amb hepatitis B crònica i per què és una bona idea participar-hi? A més de l’assaig clínic TherVacB, l’equip de TherVacB ha establert un registre europeu per a pacients amb hepatitis crònica B. El registre recull dades del pacient sobre paràmetres [&hellip;]</p>
