{"id":7672,"date":"2021-11-15T10:17:51","date_gmt":"2021-11-15T10:17:51","guid":{"rendered":"https:\/\/www.thervacb.eu\/patients-2\/le-registre-europeen-des-patients-atteints-du-vhb\/"},"modified":"2021-11-18T09:18:57","modified_gmt":"2021-11-18T09:18:57","slug":"le-registre-europeen-des-patients-atteints-du-vhb","status":"publish","type":"page","link":"https:\/\/www.thervacb.eu\/fr\/patients\/le-registre-europeen-des-patients-atteints-du-vhb\/","title":{"rendered":"Le registre europ\u00e9en des patients atteints du VHB"},"content":{"rendered":"<p>[et_pb_section fb_built=\u00a0\u00bb1&Prime; fullwidth=\u00a0\u00bbon\u00a0\u00bb _builder_version=\u00a0\u00bb4.2.1&Prime; da_disable_devices=\u00a0\u00bboff|off|off\u00a0\u00bb global_colors_info=\u00a0\u00bb{}\u00a0\u00bb da_is_popup=\u00a0\u00bboff\u00a0\u00bb da_exit_intent=\u00a0\u00bboff\u00a0\u00bb da_has_close=\u00a0\u00bbon\u00a0\u00bb da_alt_close=\u00a0\u00bboff\u00a0\u00bb da_dark_close=\u00a0\u00bboff\u00a0\u00bb da_not_modal=\u00a0\u00bbon\u00a0\u00bb da_is_singular=\u00a0\u00bboff\u00a0\u00bb da_with_loader=\u00a0\u00bboff\u00a0\u00bb da_has_shadow=\u00a0\u00bbon\u00a0\u00bb][et_pb_fullwidth_slider use_text_overlay=\u00a0\u00bbon\u00a0\u00bb text_overlay_color=\u00a0\u00bbrgba(6,66,58,0.25)\u00a0\u00bb _builder_version=\u00a0\u00bb4.9.2&Prime; custom_padding=\u00a0\u00bb83px||65px|||\u00a0\u00bb auto=\u00a0\u00bbon\u00a0\u00bb auto_ignore_hover=\u00a0\u00bbon\u00a0\u00bb global_colors_info=\u00a0\u00bb{}\u00a0\u00bb][et_pb_slide heading=\u00a0\u00bbPatients\u00a0\u00bb use_bg_overlay=\u00a0\u00bboff\u00a0\u00bb use_text_overlay=\u00a0\u00bbon\u00a0\u00bb arrows_custom_color=\u00a0\u00bb#2d788c\u00a0\u00bb dot_nav_custom_color=\u00a0\u00bb#2d788c\u00a0\u00bb text_border_radius=\u00a0\u00bb10px\u00a0\u00bb _builder_version=\u00a0\u00bb4.9.2&Prime; header_font=\u00a0\u00bb|700|||||||\u00a0\u00bb header_text_align=\u00a0\u00bbcenter\u00a0\u00bb body_text_align=\u00a0\u00bbcenter\u00a0\u00bb body_font_size=\u00a0\u00bb30px\u00a0\u00bb background_enable_color=\u00a0\u00bboff\u00a0\u00bb use_background_color_gradient=\u00a0\u00bbon\u00a0\u00bb background_color_gradient_start=\u00a0\u00bbrgba(0,0,0,0)\u00a0\u00bb background_color_gradient_end=\u00a0\u00bbrgba(0,0,0,0)\u00a0\u00bb background_color_gradient_direction=\u00a0\u00bb90deg\u00a0\u00bb background_color_gradient_overlays_image=\u00a0\u00bbon\u00a0\u00bb background_image=\u00a0\u00bbhttps:\/\/www.thervacb.eu\/wp-content\/uploads\/the-european-hbv-patient-registry-h.jpg\u00a0\u00bb background_enable_image=\u00a0\u00bbon\u00a0\u00bb background_size=\u00a0\u00bbinitial\u00a0\u00bb text_orientation=\u00a0\u00bbcenter\u00a0\u00bb custom_css_slide_container=\u00a0\u00bbmargin-left:55% !important;||width:50%;\u00a0\u00bb header_text_shadow_style=\u00a0\u00bbpreset1&Prime; header_text_shadow_color=\u00a0\u00bb#706f6f\u00a0\u00bb body_text_shadow_style=\u00a0\u00bbpreset1&Prime; body_text_shadow_color=\u00a0\u00bb#706f6f\u00a0\u00bb text_shadow_style=\u00a0\u00bbpreset1&Prime; text_shadow_color=\u00a0\u00bb#706f6f\u00a0\u00bb global_colors_info=\u00a0\u00bb{}\u00a0\u00bb custom_css_slide_container_last_edited=\u00a0\u00bbon|desktop\u00a0\u00bb custom_css_slide_container_tablet=\u00a0\u00bbmargin-left:auto ;||width:auto;\u00a0\u00bb sticky_transition=\u00a0\u00bbon\u00a0\u00bb]<\/p>\n<p>Un nouvel espoir pour les patients atteints d&rsquo;h\u00e9patite B !<\/p>\n<p>[\/et_pb_slide][\/et_pb_fullwidth_slider][\/et_pb_section][et_pb_section fb_built=\u00a0\u00bb1&Prime; _builder_version=\u00a0\u00bb4.2.1&Prime; da_disable_devices=\u00a0\u00bboff|off|off\u00a0\u00bb global_colors_info=\u00a0\u00bb{}\u00a0\u00bb da_is_popup=\u00a0\u00bboff\u00a0\u00bb da_exit_intent=\u00a0\u00bboff\u00a0\u00bb da_has_close=\u00a0\u00bbon\u00a0\u00bb da_alt_close=\u00a0\u00bboff\u00a0\u00bb da_dark_close=\u00a0\u00bboff\u00a0\u00bb da_not_modal=\u00a0\u00bbon\u00a0\u00bb da_is_singular=\u00a0\u00bboff\u00a0\u00bb da_with_loader=\u00a0\u00bboff\u00a0\u00bb da_has_shadow=\u00a0\u00bbon\u00a0\u00bb][et_pb_row module_id=\u00a0\u00bbregistry\u00a0\u00bb _builder_version=\u00a0\u00bb4.9.0&Prime; global_colors_info=\u00a0\u00bb{}\u00a0\u00bb][et_pb_column type=\u00a0\u00bb4_4&Prime; _builder_version=\u00a0\u00bb4.3.4&Prime; global_colors_info=\u00a0\u00bb{}\u00a0\u00bb][et_pb_text _builder_version=\u00a0\u00bb4.9.0&Prime; global_colors_info=\u00a0\u00bb{}\u00a0\u00bb]<\/p>\n<h1><strong>Qu&rsquo;est-ce que le registre europ\u00e9en des patients atteints d&rsquo;h\u00e9patite B chronique et pourquoi est-ce une bonne id\u00e9e d&rsquo;y participer ?<\/strong><\/h1>\n<p>En plus de l&rsquo;essai clinique TherVacB, l&rsquo;\u00e9quipe TherVacB a \u00e9tabli un registre europ\u00e9en pour les patients atteints d&rsquo;h\u00e9patite B chronique. Ce registre recueille les donn\u00e9es des patients sur les param\u00e8tres virologiques et immunologiques au cours de l&rsquo;infection par le virus de l&rsquo;h\u00e9patite B. Gr\u00e2ce \u00e0 une collecte de donn\u00e9es sur les patients en constante augmentation, nous pourrons recueillir des informations pr\u00e9cieuses sur l&rsquo;\u00e9volution naturelle de la maladie et, en m\u00eame temps, identifier des patients pour l&rsquo;essai clinique TherVacB ainsi que pour d&rsquo;autres \u00e9tudes \u00e0 venir.<\/p>\n<p>En participant au registre europ\u00e9en du VHB, vous deviendrez patient dans l&rsquo;un de nos centres d&rsquo;\u00e9tude participants. Ils effectueront vos visites de routine et consigneront vos donn\u00e9es dans le registre. Cela permet de s\u00e9lectionner les patients qui participeront \u00e0 des th\u00e9rapies ou \u00e0 des essais cliniques sp\u00e9cifiques, notamment l&rsquo;essai clinique du TherVacB.<\/p>\n<p>Enfin, chaque participant contribue, gr\u00e2ce \u00e0 ses propres donn\u00e9es, \u00e0 une meilleure compr\u00e9hension de la maladie li\u00e9e au VHB et \u00e0 la mise au point ou au perfectionnement de th\u00e9rapies afin d&rsquo;aider la communaut\u00e9 des patients en g\u00e9n\u00e9ral.<\/p>\n<p>[\/et_pb_text][\/et_pb_column][\/et_pb_row][et_pb_row module_id=\u00a0\u00bbparticipate\u00a0\u00bb _builder_version=\u00a0\u00bb4.9.0&Prime; global_colors_info=\u00a0\u00bb{}\u00a0\u00bb][et_pb_column type=\u00a0\u00bb4_4&Prime; _builder_version=\u00a0\u00bb4.3.4&Prime; global_colors_info=\u00a0\u00bb{}\u00a0\u00bb][et_pb_text _builder_version=\u00a0\u00bb4.11.3&Prime; hover_enabled=\u00a0\u00bb0&Prime; global_colors_info=\u00a0\u00bb{}\u00a0\u00bb sticky_enabled=\u00a0\u00bb0&Prime;]<\/p>\n<h1><strong>Je suis un patient atteint de l&rsquo;h\u00e9patite B et je vis en Europe. Comment puis-je participer ?<\/strong><\/h1>\n<p>Le registre europ\u00e9en du VHB est actuellement actif en Italie, en Espagne, au Royaume-Uni et en Allemagne. Afin de participer au registre, vous devrez vous rendre au centre d&rsquo;\u00e9tude le plus proche de chez vous pour toutes les visites de routine.<\/p>\n<p>Il est possible de s&rsquo;inscrire au registre \u00e0 tout moment et m\u00eame apr\u00e8s le d\u00e9but de l&rsquo;\u00e9tude de vaccination TherVacB. Les donn\u00e9es des participants \u00e0 l&rsquo;\u00e9tude TherVacB feront partie de ce d\u00e9p\u00f4t. Les patients souhaitant participer \u00e0 d&rsquo;autres \u00e9tudes en cours ou \u00e0 venir sur le traitement et la gu\u00e9rison du VHB sont \u00e9galement les bienvenus.<\/p>\n<p>En nous contactant, les patients ayant un int\u00e9r\u00eat confirm\u00e9 pour participer \u00e0 l&rsquo;essai de vaccination TherVacB ou \u00e0 d&rsquo;autres \u00e9tudes en cours ou \u00e0 venir seront orient\u00e9s vers le centre d&rsquo;\u00e9tude le plus proche de leur lieu de r\u00e9sidence\/domicile. Le m\u00e9decin de l&rsquo;\u00e9tude TherVacB d\u00e9cidera alors avec le patient d&rsquo;une \u00e9ventuelle inclusion dans le registre, en se basant notamment sur une s\u00e9rie de crit\u00e8res cliniques.<\/p>\n<p>Si vous souhaitez rejoindre le registre, veuillez <a href=\"https:\/\/www.thervacb.eu\/fr\/patients-2\/nous-contacter\/\">nous contacter<\/a>: Il suffit de cocher la case et nous vous contacterons.<\/p>\n<p>Toutes les donn\u00e9es des patients collect\u00e9es via notre formulaire de contact seront stock\u00e9es localement en toute s\u00e9curit\u00e9 et trait\u00e9es avec soin en fonction des consentements re\u00e7us, en respectant pleinement les r\u00e8gles de protection des donn\u00e9es (GDPR) en place. S&rsquo;il est pr\u00e9vu de collecter d&rsquo;autres donn\u00e9es &#8211; par exemple pour le registre des patients atteints du VHB &#8211; vous serez inform\u00e9 s\u00e9par\u00e9ment de la protection de ces donn\u00e9es et devrez donner votre accord au pr\u00e9alable.<\/p>\n<p>&nbsp;<\/p>\n<p>[\/et_pb_text][\/et_pb_column][\/et_pb_row][\/et_pb_section]<\/p>\n","protected":false},"excerpt":{"rendered":"<p>Un nouvel espoir pour les patients atteints d&rsquo;h\u00e9patite B !Qu&rsquo;est-ce que le registre europ\u00e9en des patients atteints d&rsquo;h\u00e9patite B chronique et pourquoi est-ce une bonne id\u00e9e d&rsquo;y participer ? En plus de l&rsquo;essai clinique TherVacB, l&rsquo;\u00e9quipe TherVacB a \u00e9tabli un registre europ\u00e9en pour les patients atteints d&rsquo;h\u00e9patite B chronique. Ce registre recueille les donn\u00e9es des [&hellip;]<\/p>\n","protected":false},"author":4,"featured_media":4909,"parent":7662,"menu_order":2,"comment_status":"closed","ping_status":"closed","template":"","meta":{"_et_pb_use_builder":"on","_et_pb_old_content":"","_et_gb_content_width":"","_monsterinsights_skip_tracking":false,"_monsterinsights_sitenote_active":false,"_monsterinsights_sitenote_note":"","_monsterinsights_sitenote_category":0,"footnotes":"","_links_to":"","_links_to_target":""},"class_list":["post-7672","page","type-page","status-publish","has-post-thumbnail","hentry"],"aioseo_notices":[],"_links":{"self":[{"href":"https:\/\/www.thervacb.eu\/fr\/wp-json\/wp\/v2\/pages\/7672","targetHints":{"allow":["GET"]}}],"collection":[{"href":"https:\/\/www.thervacb.eu\/fr\/wp-json\/wp\/v2\/pages"}],"about":[{"href":"https:\/\/www.thervacb.eu\/fr\/wp-json\/wp\/v2\/types\/page"}],"author":[{"embeddable":true,"href":"https:\/\/www.thervacb.eu\/fr\/wp-json\/wp\/v2\/users\/4"}],"replies":[{"embeddable":true,"href":"https:\/\/www.thervacb.eu\/fr\/wp-json\/wp\/v2\/comments?post=7672"}],"version-history":[{"count":0,"href":"https:\/\/www.thervacb.eu\/fr\/wp-json\/wp\/v2\/pages\/7672\/revisions"}],"up":[{"embeddable":true,"href":"https:\/\/www.thervacb.eu\/fr\/wp-json\/wp\/v2\/pages\/7662"}],"wp:featuredmedia":[{"embeddable":true,"href":"https:\/\/www.thervacb.eu\/fr\/wp-json\/wp\/v2\/media\/4909"}],"wp:attachment":[{"href":"https:\/\/www.thervacb.eu\/fr\/wp-json\/wp\/v2\/media?parent=7672"}],"curies":[{"name":"wp","href":"https:\/\/api.w.org\/{rel}","templated":true}]}}

Le registre européen des patients atteints du VHB

<p>[et_pb_section fb_built= »1&Prime; fullwidth= »on » _builder_version= »4.2.1&Prime; da_disable_devices= »off|off|off » global_colors_info= »{} » da_is_popup= »off » da_exit_intent= »off » da_has_close= »on » da_alt_close= »off » da_dark_close= »off » da_not_modal= »on » da_is_singular= »off » da_with_loader= »off » da_has_shadow= »on »][et_pb_fullwidth_slider use_text_overlay= »on » text_overlay_color= »rgba(6,66,58,0.25) » _builder_version= »4.9.2&Prime; custom_padding= »83px||65px||| » auto= »on » auto_ignore_hover= »on » global_colors_info= »{} »][et_pb_slide heading= »Patients » use_bg_overlay= »off » use_text_overlay= »on » arrows_custom_color= »#2d788c » dot_nav_custom_color= »#2d788c » text_border_radius= »10px » _builder_version= »4.9.2&Prime; header_font= »|700||||||| » header_text_align= »center » body_text_align= »center » body_font_size= »30px » background_enable_color= »off » use_background_color_gradient= »on » background_color_gradient_start= »rgba(0,0,0,0) » background_color_gradient_end= »rgba(0,0,0,0) » background_color_gradient_direction= »90deg » background_color_gradient_overlays_image= »on » background_image= »https://www.thervacb.eu/wp-content/uploads/the-european-hbv-patient-registry-h.jpg » background_enable_image= »on » background_size= »initial » text_orientation= »center » custom_css_slide_container= »margin-left:55% !important;||width:50%; » header_text_shadow_style= »preset1&Prime; header_text_shadow_color= »#706f6f » body_text_shadow_style= »preset1&Prime; body_text_shadow_color= »#706f6f » text_shadow_style= »preset1&Prime; text_shadow_color= »#706f6f » global_colors_info= »{} » custom_css_slide_container_last_edited= »on|desktop » custom_css_slide_container_tablet= »margin-left:auto ;||width:auto; » sticky_transition= »on »]</p>
<p>Un nouvel espoir pour les patients atteints d&rsquo;hépatite B !</p>
<p>[/et_pb_slide][/et_pb_fullwidth_slider][/et_pb_section][et_pb_section fb_built= »1&Prime; _builder_version= »4.2.1&Prime; da_disable_devices= »off|off|off » global_colors_info= »{} » da_is_popup= »off » da_exit_intent= »off » da_has_close= »on » da_alt_close= »off » da_dark_close= »off » da_not_modal= »on » da_is_singular= »off » da_with_loader= »off » da_has_shadow= »on »][et_pb_row module_id= »registry » _builder_version= »4.9.0&Prime; global_colors_info= »{} »][et_pb_column type= »4_4&Prime; _builder_version= »4.3.4&Prime; global_colors_info= »{} »][et_pb_text _builder_version= »4.9.0&Prime; global_colors_info= »{} »]</p>
<h1><strong>Qu&rsquo;est-ce que le registre européen des patients atteints d&rsquo;hépatite B chronique et pourquoi est-ce une bonne idée d&rsquo;y participer ?</strong></h1>
<p>En plus de l&rsquo;essai clinique TherVacB, l&rsquo;équipe TherVacB a établi un registre européen pour les patients atteints d&rsquo;hépatite B chronique. Ce registre recueille les données des patients sur les paramètres virologiques et immunologiques au cours de l&rsquo;infection par le virus de l&rsquo;hépatite B. Grâce à une collecte de données sur les patients en constante augmentation, nous pourrons recueillir des informations précieuses sur l&rsquo;évolution naturelle de la maladie et, en même temps, identifier des patients pour l&rsquo;essai clinique TherVacB ainsi que pour d&rsquo;autres études à venir.</p>
<p>En participant au registre européen du VHB, vous deviendrez patient dans l&rsquo;un de nos centres d&rsquo;étude participants. Ils effectueront vos visites de routine et consigneront vos données dans le registre. Cela permet de sélectionner les patients qui participeront à des thérapies ou à des essais cliniques spécifiques, notamment l&rsquo;essai clinique du TherVacB.</p>
<p>Enfin, chaque participant contribue, grâce à ses propres données, à une meilleure compréhension de la maladie liée au VHB et à la mise au point ou au perfectionnement de thérapies afin d&rsquo;aider la communauté des patients en général.</p>
<p>[/et_pb_text][/et_pb_column][/et_pb_row][et_pb_row module_id= »participate » _builder_version= »4.9.0&Prime; global_colors_info= »{} »][et_pb_column type= »4_4&Prime; _builder_version= »4.3.4&Prime; global_colors_info= »{} »][et_pb_text _builder_version= »4.11.3&Prime; hover_enabled= »0&Prime; global_colors_info= »{} » sticky_enabled= »0&Prime;]</p>
<h1><strong>Je suis un patient atteint de l&rsquo;hépatite B et je vis en Europe. Comment puis-je participer ?</strong></h1>
<p>Le registre européen du VHB est actuellement actif en Italie, en Espagne, au Royaume-Uni et en Allemagne. Afin de participer au registre, vous devrez vous rendre au centre d&rsquo;étude le plus proche de chez vous pour toutes les visites de routine.</p>
<p>Il est possible de s&rsquo;inscrire au registre à tout moment et même après le début de l&rsquo;étude de vaccination TherVacB. Les données des participants à l&rsquo;étude TherVacB feront partie de ce dépôt. Les patients souhaitant participer à d&rsquo;autres études en cours ou à venir sur le traitement et la guérison du VHB sont également les bienvenus.</p>
<p>En nous contactant, les patients ayant un intérêt confirmé pour participer à l&rsquo;essai de vaccination TherVacB ou à d&rsquo;autres études en cours ou à venir seront orientés vers le centre d&rsquo;étude le plus proche de leur lieu de résidence/domicile. Le médecin de l&rsquo;étude TherVacB décidera alors avec le patient d&rsquo;une éventuelle inclusion dans le registre, en se basant notamment sur une série de critères cliniques.</p>
<p>Si vous souhaitez rejoindre le registre, veuillez <a href="https://www.thervacb.eu/fr/patients-2/nous-contacter/">nous contacter</a>: Il suffit de cocher la case et nous vous contacterons.</p>
<p>Toutes les données des patients collectées via notre formulaire de contact seront stockées localement en toute sécurité et traitées avec soin en fonction des consentements reçus, en respectant pleinement les règles de protection des données (GDPR) en place. S&rsquo;il est prévu de collecter d&rsquo;autres données &#8211; par exemple pour le registre des patients atteints du VHB &#8211; vous serez informé séparément de la protection de ces données et devrez donner votre accord au préalable.</p>
<p>&nbsp;</p>
<p>[/et_pb_text][/et_pb_column][/et_pb_row][/et_pb_section]</p>

<p>Un nouvel espoir pour les patients atteints d&rsquo;hépatite B !Qu&rsquo;est-ce que le registre européen des patients atteints d&rsquo;hépatite B chronique et pourquoi est-ce une bonne idée d&rsquo;y participer ? En plus de l&rsquo;essai clinique TherVacB, l&rsquo;équipe TherVacB a établi un registre européen pour les patients atteints d&rsquo;hépatite B chronique. Ce registre recueille les données des [&hellip;]</p>
